*c. Let m be y(-3). Determine a(m).
4
Let k(a) be the third derivative of a**6/30 - a**5/20 + a**4/24 - a**3/6 + 2*a**2. Suppose -3*f + 4*f = -2*q + 8, 4*q + f - 12 = 0. Determine k(q).
21
Let r(i) = i**2 + i + 2. Let p be r(0). Let y(z) be the second derivative of -z**3/2 + 320*z. Give y(p).
-6
Let s(r) = -2*r - 6. Let i(k) = -k**3 + 24*k**2 - 43*k - 19. Let w be i(22). What is s(w)?
-12
Suppose 6*h - 21 = 3. Suppose -d - 27 = -h*a, 0 = a + d + 1 - 4. Suppose -2*s + r - 16 = -a*s, 0 = 5*r. Let y(f) = -f**3 + 4*f**2 + 2*f - 4. Give y(s).
4
Let r(b) = 18*b**2 + 3*b - 2. Let a be -30 - -25 - (-7 - (1 - 2)). Determine r(a).
19
Let n(d) = -3*d - 5. Let w(t) = 2*t**2 + 3*t - 111. Let v be w(-8). Give n(v).
16
Let b(i) = 48 - 2*i - 202 + 52 + 51 + 52. Let u = 1 + 3. Suppose -q + 16 = 3*q - 5*h, -u*h = 16. Give b(q).
3
Let t(x) = 2*x**2 - 3*x + 1. Let z = 14 + -6. Suppose -9 = 3*l, 2*k - 47 = -3*l - z. Let d be (1 - 5)*(-18)/k. What is t(d)?
10
Let d(r) = -8*r - 6*r + 25*r - 17*r. What is d(-6)?
36
Let p(c) = c**2 - c + 3. Suppose 0 = -m + 11 + 14. Let g = 29 - m. Give p(g).
15
Let c be 23/(138/84) - 4. Let x(r) = -r**2 + 7*r - 6. What is x(c)?
-36
Let y(u) = -u**3 + u**2 + 12. Let i(o) be the first derivative of -o**4/4 + 2*o**3/3 - o**2/2 - 1. Let m = 12 + -11. Let w be i(m). Give y(w).
12
Suppose -13*w = -5*w + 192. Let h be 1/4 + 6/w. Let s(g) = g**3 - g**2 + g - 9. Give s(h).
-9
Let f(g) = -g**2 - 9*g + 4. Let y(r) = -r**3 + 9*r**2 + 2*r - 2. Let h be y(5). Let t = h - 118. Calculate f(t).
-6
Let l(g) be the second derivative of -g**5/20 + 5*g**4/12 - g**3/6 - g**2 - g - 29. Calculate l(5).
-7
Let m(j) be the second derivative of -1/6*j**3 - 5/12*j**4 - 3*j + 0 - 5/2*j**2 - 1/20*j**5. Let c = -3 - 2. What is m(c)?
0
Let w(x) = x**2 + 22*x + 57. Let r be 13/(-117) + (3 - 591/27). Calculate w(r).
0
Let a(j) be the second derivative of 9*j - 1/6*j**3 + 0 - 3*j**2. Give a(0).
-6
Let f be (-38)/(-8) + 5/20. Let a be ((f - 1) + -1)/(-1). Let w(c) be the second derivative of c**3/6 - 3*c**2/2 + c. Give w(a).
-6
Let a(k) = -2*k**2 - 4*k - 2. Let j(t) = 2*t**2 - 39*t - 24. Let b be j(20). Give a(b).
-18
Let u(a) = a - 7. Let j = -70 + 77. Let m be 14/98 + 48/j. Give u(m).
0
Let j(z) = -7*z**3 + 15*z**2 + 10*z - 17. Let h(b) = 3*b**3 - 7*b**2 - 5*b + 8. Let u(g) = 5*h(g) + 2*j(g). Calculate u(6).
12
Let q(s) be the first derivative of -2*s**3/3 - s**2 + 312. Determine q(3).
-24
Let h(s) = -8*s + 1. Let n(r) = 1. Let d(z) = 4*z - 24. Let j(k) = -d(k) - 24*n(k). Let i(p) = -3*h(p) + 7*j(p). Calculate i(-3).
9
Let c(n) = -3*n - 12 - 1 + 16. Suppose -1 = 5*f - 21. Give c(f).
-9
Let b be (0/(-5))/3 - 26. Let l = b + 40. Suppose 2*t + 0*t = -l. Let c(m) = -m**3 - 6*m**2 + 8*m + 9. Give c(t).
2
Suppose -y + 4*a - 1 = -2*y, 0 = 5*y - 2*a - 27. Suppose 5*m = -0 - y. Let x(j) = 7*j + 1. Let p(i) = 2*i + 1. Let f(k) = p(k) - x(k). Give f(m).
5
Let o be 2/((-75)/(-60)*2/20). Let s(a) = -7*a + o*a - 10*a. Give s(5).
-5
Suppose 0 = -9*u + 7*u - 6. Let p be ((-12)/u - 3)*1. Suppose -2*w - p = -3*k, -5*w + 7 = 17. Let z(v) = 3*v - 1. Calculate z(k).
-4
Suppose 0 = 2*w - 4*w + 2, 3*w = 4*c - 37. Let y = c + -9. Let k(b) = 1 - 2*b - y + 1. Give k(3).
-5
Let z(j) be the second derivative of -1/6*j**4 + 1/2*j**2 + 13*j + 1/20*j**5 - 1/2*j**3 + 0. Let v be 0/(-4) + 1 + 2. Calculate z(v).
1
Let p(f) = -12*f + 2. Let c be p(-3). Let d = 38 - c. Let s(w) be the first derivative of w**4/4 + w**2/2 + 2*w + 1. Calculate s(d).
2
Let i(h) = 3*h - 2. Suppose 3*g + 88 = 4*j, 4*g = 8 + 8. Suppose -5*a = j, 2*o + 6*a + 11 = 3*a. Calculate i(o).
4
Let g(m) = -14*m**3 + 10*m**2 + 32*m + 5. Let u(j) = -5*j**3 + 3*j**2 + 12*j + 2. Let b(p) = -6*g(p) + 17*u(p). What is b(-10)?
-16
Let j = 401 + -407. Let w(x) = 6 - 4*x + 5*x**2 + 0*x + x**3 + 0*x. What is w(j)?
-6
Suppose -7*c - p - 3 = -5*c, 3*c = 3*p. Let f(m) = 3*m**3 - m**2 + 2*m + 2. What is f(c)?
-4
Let q(t) = t**3 + 12*t**2 + 13*t - 8. Let r(f) = 32*f - 203. Let b be r(6). Determine q(b).
-30
Let b(g) = -g - 2. Let n(r) = 2*r + 9. Let s(l) = 4*b(l) + n(l). Calculate s(2).
-3
Let d(q) = 0*q**2 - 3 - 3 - 7*q - q**2. Let c be 1*-12*(-4)/(-8). What is d(c)?
0
Let a(d) = d**2. Let k(t) = -t**3 - 2*t**2 + t - 2. Let v(i) = 3*a(i) + k(i). Let x(q) = -q**3 - 6*q**2 + 54*q - 13. Let b be x(-11). Calculate v(b).
8
Let o(q) = 10*q + 54. Let s(l) = 3*l + 18. Let k(z) = -2*o(z) + 7*s(z). What is k(-18)?
0
Let j(s) = s**2 - 2*s - 1. Let k(b) = 10*b + 0 - b**3 - 1 - 9*b**2 + 3. Let y(h) = -h - 7. Let l be y(3). Let i be k(l). Calculate j(i).
-1
Let k be 112/18 - 2 - 12/54. Let x(h) = 8 - 3*h - k*h + 8*h. Calculate x(-4).
4
Let d(x) = 20*x + x**2 - 2 - 11*x + 2*x + 11. Calculate d(-8).
-15
Let y = 55 - 49. Let n(g) = -3*g**3 - 11*g**2 + 9*g + 4. Let d(p) = 8*p**3 + 32*p**2 - 26*p - 12. Let j(f) = -4*d(f) - 11*n(f). Give j(y).
-2
Let v(m) = -m**2 - 6*m - 3. Let q be v(-5). Let w(k) be the second derivative of k**4/12 + 61*k + 3. Determine w(q).
4
Let z(g) = -g + 15. Let m(q) = -q + 8. Let x(w) = 5*m(w) - 3*z(w). Determine x(-7).
9
Suppose b - 8 = 16. Let i be (1/3)/(4/b). Let d(v) = -3 - 2*v - i*v + 3*v. What is d(4)?
-7
Let j(a) = 32 - 20 - 4*a**2 + 3*a**2 - 14 + 7*a. What is j(3)?
10
Let z(l) be the third derivative of l**5/60 + l**3/6 - 5*l**2. Let v(k) = 4*k**2 - k + 7. Let h be -4*15/(-12)*-1. Let a(y) = h*z(y) + v(y). Determine a(3).
-10
Let k(s) = -36*s + 25 + 59*s - 22*s. What is k(-13)?
12
Let j(z) = z**3 - z**2 - 2*z + 1. Let y be j(-2). Let c(d) = 2*d**2 - 8*d - 3*d**2 + 2*d. Determine c(y).
-7
Let w(f) be the second derivative of -f**4/12 + 4*f**3/3 - 5*f**2 + 118*f. Calculate w(7).
-3
Let p(z) be the second derivative of -z**5/20 + 5*z**4/12 + 5*z**3/6 + 5*z**2/2 - 9*z - 2. Let r be 3*3/27*3. Let n be -4 + 1 + 10 - r. Give p(n).
-1
Let h(a) = -a + 5. Let j be h(9). Let v(d) = d**3 + 6*d**2 + 7*d - 2. What is v(j)?
2
Let w(h) = 6*h**2 + 10*h - 16. Let q(d) = 41*d**2 + 41*d**2 + 18 - 89*d**2 - 10*d - 1. Let l(j) = -5*q(j) - 6*w(j). What is l(-11)?
0
Let f(h) = 5*h**2 + 37*h + 6. Let p(b) = 3*b**2 + 24*b + 4. Let j(u) = 5*f(u) - 8*p(u). What is j(4)?
-14
Suppose 35*v + 39 = 48*v. Let l(j) be the third derivative of -1/60*j**5 + 0 - 1/8*j**4 + 5*j**2 + 1/3*j**v + 0*j. Give l(-3).
2
Suppose -68*b + 76*b + 40 = 0. Let w(o) = o**2 + 4*o + 4. What is w(b)?
9
Let g be ((-16)/(320/15))/(3/(-20)). Let k(j) = -j**3 + 4*j**2 + 5*j + 7. Give k(g).
7
Let t(o) = 13*o - 27 - 134*o**2 - 112*o**2 + 245*o**2. Calculate t(10).
3
Let p(k) be the first derivative of 11*k - 8 - 1/2*k**2 + 1/3*k**3. Let h(b) be the first derivative of p(b). What is h(2)?
3
Let u(a) = -a**2. Let i(y) = -5*y**2 + 4*y - 3. Let c(f) = f - 5. Let l be c(6). Let b(p) = l*i(p) - 2*u(p). Let d = 6 - 4. Determine b(d).
-7
Let c(n) = n**2 - 5*n - 42. Let u be c(0). Let a = 36 + u. Let v(z) = 2*z + 6. Give v(a).
-6
Let u(g) be the first derivative of 7*g**3/3 + 3*g**2/2 - 7*g + 11. Let a(f) = 3*f**2 + f - 3. Let c(h) = -5*a(h) + 2*u(h). Give c(4).
-11
Suppose 2*h + 3*l - 17 = 0, -2*l + 14 = 4. Let b(c) = -51*c - 50*c + 103*c + 1. Calculate b(h).
3
Let o be ((-5)/(-10))/(3/18). Let s(l) = 12 - 3*l + o*l - 3*l - 9 + l**2. Determine s(5).
13
Let z(d) be the third derivative of -d**4/8 - d**3/3 - 140*d**2. What is z(-2)?
4
Let m be 6/(-4)*32/(-12). Let q(u) = u + 2*u**2 + m + 4 - 4 + 4*u. Suppose 0 = 2*o - 5*k - 9, -5*o + 2*k - 30 = 7*k. Calculate q(o).
7
Let v(s) = -3 + s - 280*s**2 - 258*s**2 + 539*s**2. Suppose -8 = 2*r - 6*r. Suppose 3*d + 3*g + 1 = r*g, 2*d - 5*g = 5. Give v(d).
-3
Let l(z) = 243*z + 209 - 251*z - 2*z**2 - 213. Calculate l(-3).
2
Let n be 3/18 - (-1)/(-12)*-22. Let o be 1/(-2)*10 + (6 - n). Let f(z) = 9*z**3 - 2*z**2 - 2*z - 1. Determine f(o).
-10
Let k(b) = 6*b**2 - b - 12. Let v be k(6). Let y be ((-2)/(-3))/(12/v). Let j(q) = 11 - y + q**2 - q. What is j(-3)?
12
Let c be (-1*1)/(6/(-18)). Suppose 3 = 5*b - 4*l - 0, 0 = 3*b + c*l + 9. Let n(m) = 3*m + 1. Determine n(b).
-2
Let f(r) be the first derivative of -r**4/4 + 5*r**3 + 7*r**2 + 34*r + 148. Give f(16).
2
Let f(q) be the first derivative of q**3/3 - q**2 - 4*q - 171. Suppose -4*r - 2*t + 30 = 0, 0*r - 15 = r - 4*t. Give f(r).
11
Let j(a) be the second derivative of -a**4/12 - 2*a**3/3 + 2*a**2 + a. Let k be 4/(